) be the second derivative of m(k). Determine l(2).
-11
Let b(l) = -l**3 + 10*l**2 - l + 12. Let k be b(10). Let d(j) be the first derivative of j**4/4 - j**3 + 3*j**2/2 - 2*j + 1. Give d(k).
0
Suppose 0 = 5*b - 203 + 23. Let i = 11 + -8. Suppose a = -3*a - 3*j + b, -i*j - 6 = -3*a. Let w(m) = -m**3 + 6*m**2 + m. Determine w(a).
6
Let i(x) = -x**3 - 6*x**2 - 3*x + 1. Let w(d) = d**2 + d - 1. Let c(h) = -4*h - 4. Let m(z) = -c(z) - w(z). Let k be m(5). Give i(k).
-9
Let p = 8 + -6. Suppose -1 = p*m - 11. Let r(d) = -1 + m + d**2 - 2 + 1 - d**3. Give r(0).
3
Let c(j) = -10*j - 6*j**3 - 5*j**3 - 2*j**3 + 12*j**3 + 12*j**2 - 13. Determine c(11).
-2
Let u = 41 + -46. Let h(j) = -j + 3. Determine h(u).
8
Let i(g) = -g**2 + 8*g - 6. Let y be i(5). Let m be (-3)/(y/6)*-1. Let f(r) = -4*r**2 + r + 1 + 13*r**m + 0*r. Give f(-1).
9
Let r(i) be the first derivative of i**4/4 - 7*i**3/3 - i**2 + 8*i + 9. What is r(7)?
-6
Let x(j) = -j + 1. Let l = -12 - -23. Let k = 16 - l. Determine x(k).
-4
Let j(h) be the second derivative of -h**3/6 - 4*h**2 - h. Let v be j(-6). Let x(i) = 2*i**2 - 2*i - i + 4*i. Calculate x(v).
6
Let c be (((-9)/6)/(-3))/(3/30). Let b(s) = s - 9. Determine b(c).
-4
Let h(c) = -c**2 + 9*c + 16. Let q be h(11). Let w(r) = r**2 + 6*r - 4. Determine w(q).
-4
Let v(n) = -3*n**2 + 5*n + 6. Let w(z) = -9*z**2 + 14*z + 17. Let i(p) = -17*v(p) + 6*w(p). Calculate i(-3).
-24
Let f be (-2 + (-1 - -2))*2. Let o(j) = -3*j**3 - 2*j**2 - 2*j + 1 + 3*j + 2*j + 1. Determine o(f).
12
Let j(b) = -6*b - 5 + 14*b - 3*b. Determine j(4).
15
Let f be 1 + (-1 + 2 - 0). Let a(x) = 2*x**2 - 41 - 20 + 59. Determine a(f).
6
Let h(p) be the third derivative of -p**6/15 + p**5/60 + p**4/24 - 4*p**2. Determine h(-1).
8
Let n(s) = -s**3 - 5*s**2 - 4*s - 1. Suppose 5*h = -16 + 96. Suppose -h = -i - i. Suppose 0*j - i = 2*j. Calculate n(j).
-1
Let s(m) be the first derivative of 3*m**2/2 + m + 42. Give s(-1).
-2
Let n = -34 - -32. Let t(c) = -c - c**3 - 4*c + 2*c - 4*c**2. Calculate t(n).
-2
Let h be (96/112)/(2/(-14)). Let a(n) = n**2 + 7*n + 2. Give a(h).
-4
Let n(q) = 6*q**3 + 2*q**2 - 2*q + 1. Let x be n(1). Let t(y) = y**2 - 8*y + 8. Calculate t(x).
1
Suppose 30 = 3*v - 0*v - s, 4*s - 15 = -3*v. Let z(a) = a**3 - 9*a**2 - 7. Let q be z(v). Let d(i) = -i**2 - 6*i + 10. Give d(q).
3
Let b be 2/(12/3)*4. Let r(f) = -2 + 3 - f - 3*f - b + f**2. Calculate r(4).
-1
Suppose -4*b = -5*v - 33, -6*v = 5*b - v + 15. Let h(k) = 8 + k**3 - 9 + k**3 + 3*k**b. Suppose -4 = -j - 6. Determine h(j).
-5
Let f = 22 - 17. Let w(q) = 1. Let l(u) = u - 1. Let o(n) = l(n) - 6*w(n). What is o(f)?
-2
Let s(r) = -r. Let u(n) = n. Let j(d) = s(d) + 6*u(d). What is j(2)?
10
Let r(m) = m + 9. Let v = 23 - 12. Let f = -16 + v. Calculate r(f).
4
Let u(c) = c**3 - 4*c**2 + 2*c - 2. Suppose 5*k - 7 = -2*r - 1, 5*k + 5*r = 0. Calculate u(k).
-6
Let k(v) = 2 + 11*v + 9*v - 21*v + 0. Let c = 2 + -2. Suppose -2*j + 0*j = c. Give k(j).
2
Let g(x) = x + 6*x**2 + 5 - 1 - 4. Give g(-1).
5
Let b(x) = 4 - 3 - 6 - x**2 + 2*x + 4. Calculate b(3).
-4
Let u(d) = -d**3 - d. Let a be 2 + (-2 - (-8)/2). Let p(j) = -5*j**3 - 7*j**2 - 8*j + 8. Let s(t) = a*u(t) - p(t). Determine s(-6).
4
Let j(o) = 5 + 11*o**2 + 3*o**2 + 5*o + 1 - o**3 - 9*o**2. Determine j(6).
0
Let j = 18 + -8. Let f be (-44)/j - 2/(-5). Let r(g) = 2*g - 2. Determine r(f).
-10
Let k(x) = -x - 4. Suppose 5*j = j. Suppose q + 11 = 2*q - 5*d, 5*q + 4*d + 32 = j. Let r = 4 + q. What is k(r)?
-4
Let k(o) = -3*o - 1. Let n be (-19)/(-5) + (-2)/(-10). Let a be 2/n - 3/(-6). What is k(a)?
-4
Let j(z) = -z**2 + 6*z + 2. Let n be j(6). Let g(t) = -3*t**2 + 13 - t + 3*t - 7 - 4. Give g(n).
-6
Let u(x) = -10*x - 17*x + 29*x - 4 + 11. Calculate u(-6).
-5
Let h(f) = -6*f**3 - 4*f**2 + 10*f - 4. Let t(n) = -7*n**3 - 4*n**2 + 11*n - 4. Let a(m) = 6*h(m) - 5*t(m). Determine a(-5).
-4
Suppose -2*u = -u. Suppose u = -2*d - 3*h + 5, -3*d - 3*h - 3 = -2*h. Let f(l) = 2*l + 1. Calculate f(d).
-3
Let x be -5 - -8*2/4. Let b(w) = -5*w**3 - 2*w**2 - 2*w - 1. What is b(x)?
4
Let v(p) be the first derivative of -1/4*p**4 + 3/2*p**2 - 3*p + 0*p**3 + 1. Suppose 2*l + l = 0, -4*i + 8 = -5*l. Give v(i).
-5
Let z be (5 - 7) + -3*1 + -1. Let h(m) = -m**2 - 4*m - 3. What is h(z)?
-15
Let u(t) = -t - 6 - 1 + 7. Let o = 2 + -2. What is u(o)?
0
Let z be -1 + 2 + (-5)/(-1). Suppose 9 + z = -5*d. Let w(y) = y**2 + 2*y + 1. Give w(d).
4
Suppose 6 - 2 = -4*j. Let g be j - (1 - -1) - 3. Let a(l) = l**3 + 6*l**2 - 4. Calculate a(g).
-4
Let k(w) = -3*w**3 - 6*w + 2*w**3 + 4*w**2 + 0 + 2*w**3 + 6. Determine k(-5).
11
Let s = -5 - -3. Let b be (-5)/((-5)/s) - -5. Let m(y) = -2*y - 1. Determine m(b).
-7
Let y(g) be the third derivative of g**4/24 - g**3/2 + 2*g**2. Suppose -2*a + 1 = -v, 0*v = 2*v + a + 7. What is y(v)?
-6
Let o(l) be the second derivative of l**5/20 - l**4/12 + 19*l**2/2 - l. Give o(0).
19
Let z be 1*(-2 - 0/(-2)). Let p(y) = y**3 - 2*y - 2. Give p(z).
-6
Let k(q) = q - 11. Suppose 0 = -11*z + 7*z + 32. Determine k(z).
-3
Let c(t) = -4*t**2 + 19 + 0*t + t + 2*t - 9*t**2. Let f(h) = h - 3*h**2 + 0*h + 5 + 0*h**2. Let p(n) = 2*c(n) - 9*f(n). Calculate p(5).
3
Let d(s) = 0*s**3 - 40*s**2 + s**3 - 3*s + 36*s**2. What is d(4)?
-12
Let i = 8 + -16. Let g = i - -11. Let t(w) = w + 3 - 2*w + g*w. Determine t(-2).
-1
Let h(b) = b**3 + 4*b**2 - 3*b - 6. Let n be h(-4). Suppose n = 4*l - 2. Let a(y) = 2*y**3 - 2*y**2 - 2*y. Calculate a(l).
4
Let i(g) be the first derivative of g**4/4 - 4*g**3/3 + 3*g**2/2 - 2*g - 15. What is i(3)?
-2
Let m(b) = -b**3 + b - 1. Let t(y) = y + 6. Let j(v) = v + 2. Let p be j(-11). Let s = p - -1. Let u be t(s). Calculate m(u).
5
Let f(t) be the second derivative of -t**5/20 + t**4/12 - t**3/6 + 3*t**2/2 + 7*t. What is f(0)?
3
Suppose 0 = 2*m + 2*m - 12. Let b(k) = 3*k**3 + 9*k**2 + 3*k + 4. Let s(a) = -4*a**3 - 13*a**2 - 4*a - 6. Let d(x) = 7*b(x) + 5*s(x). Calculate d(m).
10
Let b(g) be the first derivative of 1/4*g**4 + 4 + 0*g**2 + 2/3*g**3 - 2*g. Calculate b(-2).
-2
Let j(g) be the first derivative of g**4/4 + 2*g**3/3 - g**2 - g + 1. Let i(c) = -c**2 - 5*c - 9. Let o be i(-6). Let h be (2 - 1)*o/5. Determine j(h).
-4
Let w(g) = -4 - g**2 - 2*g - 4*g**3 + 0*g**2 + 0 + 3. Let c be w(-1). Let i(f) = f**2 - 3*f - 2. Determine i(c).
2
Let k(v) be the first derivative of -v**4 - v**2 - v + 7. Calculate k(-1).
5
Let p(n) = -n**2 + 5*n - 1. Let w be (-2)/(-8) - (-95)/20. Let b be w*(-4 + 3)/(-1). Calculate p(b).
-1
Let k(u) = 2*u**2 + 15*u - 5. Let x be k(-8). Let i(b) = -b**3 + 5*b**2 - 2. Calculate i(x).
16
Let y = -8 - -9. Let z(n) = -13*n - 1. Determine z(y).
-14
Let d(z) = -2*z**3 - z**2 - 4*z - 7. Let p(w) = 2*w**3 + w**2 + 3*w + 6. Let j(n) = -5*d(n) - 6*p(n). Suppose 9 = 5*u - 1. Let k = u + -1. Give j(k).
-2
Let x(t) = t**2 + 7*t - 5. Let a be x(-8). Let k = a + -4. Let i(z) be the second derivative of -z**4/2 - z**3/6 - z**2/2 - 2*z. What is i(k)?
-6
Let h(a) = 5*a**3 - 2*a - 1. Suppose 0 = r - 5, -k + 5*r = 14 + 13. Let q be k + (0 - 3) - 0. Let m be (-4 - q)*(-1)/1. Give h(m).
-4
Let g(n) = -4*n - 1. Let r(d) = d**3 - 5*d**2 + d - 3. Let v be r(5). Suppose -h = -3, 3*w + v*h = -h + 12. Calculate g(w).
-5
Let i(g) = 3*g**3 - 16*g**3 + 2*g**3 + g. Let t = 1 - 0. Determine i(t).
-10
Let d(o) = -o**3 + 2*o**2 - 2*o - 2. Let k be (50/(-15) - -4)*-3. What is d(k)?
18
Let n(d) be the first derivative of -d**3/3 + 16*d + 3. What is n(0)?
16
Suppose 5*i + 28 + 7 = 0. Let p(y) = -y**2 - 10*y - 10. Determine p(i).
11
Let v(x) = -1 + 2 + x**2 - 8 - 5*x. Calculate v(5).
-7
Let j(z) = -z - 5*z + 8*z - 3. Calculate j(2).
1
Let x(w) = -w**3 + 6*w - w**2 - 1 + 14*w - 17*w. Determine x(2).
-7
Let u(r) = r**3 - 5*r**2 + 4*r. Let i(t) = 4*t**2 + t**3 + 3*t + 2*t - 9*t**2 - 1. Let k be i(4). Determine u(k).
-6
Let m(i) = -i + 11. Suppose -5*x + 75 = 20. Let g(c) = c**3 - 3*c**2 - 5*c - 2. Let n be g(4). Let v = x + n. Determine m(v).
6
Let l(j) = 3*j + 15*j + 7 - 17*j. Calculate l(0).
7
Suppose 12 = -3*h - 4*y + 2, 0 = 2*h + 4*y + 8. Let v(u) = 2*u + 3. Calculate v(h).
-1
Let i(d) = -d**3 + 9*d**2 - 8*d + 4. Suppose -24 = -u - 2*u. What is i(u)?
4
Suppose -4*q + 2*q + 8 = 0. Let k(m) = m + 0 - 3 - 17*m**3 + 18*m**3 - q*m**2. Suppose -2*z + 7*z - 20 = 0. Determine